59, 100649
List the prime factors of 6990141.
3, 2330047
List the prime factors of 4255657.
7, 607951
List the prime factors of 16768627.
16768627
List the prime factors of 859837.
11, 78167
List the prime factors of 66959.
66959
List the prime factors of 1067853.
3, 355951
List the prime factors of 844515.
3, 5, 7, 383
What are the prime factors of 664392?
2, 3, 19, 31, 47
List the prime factors of 767036.
2, 233, 823
What are the prime factors of 1260778?
2, 443, 1423
What are the prime factors of 8167859?
7, 23813
List the prime factors of 4501721.
7, 23, 27961
What are the prime factors of 347613?
3, 7, 16553
List the prime factors of 7070786.
2, 919, 3847
List the prime factors of 3705701.
83, 44647
What are the prime factors of 457523?
11, 41593
What are the prime factors of 5119238?
2, 2559619
What are the prime factors of 25180?
2, 5, 1259
List the prime factors of 88862.
2, 157, 283
What are the prime factors of 1369387?
19, 72073
List the prime factors of 6000974.
2, 7, 499, 859
List the prime factors of 18490.
2, 5, 43
List the prime factors of 1369114.
2, 684557
What are the prime factors of 11811416?
2, 293, 5039
List the prime factors of 31403.
31, 1013
List the prime factors of 889274.
2, 444637
List the prime factors of 158958.
2, 3, 8831
What are the prime factors of 491349?
3, 23, 7121
List the prime factors of 2711113.
397, 6829
List the prime factors of 213328.
2, 67, 199
What are the prime factors of 424085?
5, 89, 953
What are the prime factors of 76062?
2, 3, 7, 1811
What are the prime factors of 491145?
3, 5, 137, 239
What are the prime factors of 8149240?
2, 5, 11, 18521
List the prime factors of 3919349.
7, 559907
What are the prime factors of 326352?
2, 3, 13, 523
List the prime factors of 6358547.
13, 71, 83
What are the prime factors of 32640?
2, 3, 5, 17
List the prime factors of 1341411.
3, 447137
What are the prime factors of 30368782?
2, 41, 179, 2069
List the prime factors of 399269.
13, 30713
List the prime factors of 14262744.
2, 3, 594281
What are the prime factors of 144786?
2, 3, 59, 409
What are the prime factors of 828673?
828673
What are the prime factors of 5674592?
2, 7, 11, 47
What are the prime factors of 1079940?
2, 3, 5, 41, 439
List the prime factors of 6612828.
2, 3, 551069
What are the prime factors of 986903?
986903
List the prime factors of 1762832.
2, 17, 6481
List the prime factors of 14497524.
2, 3, 283, 1423
List the prime factors of 49555.
5, 11, 17, 53
What are the prime factors of 2241529?
53, 42293
What are the prime factors of 1249676?
2, 151, 2069
List the prime factors of 973873.
41, 23753
List the prime factors of 2436192.
2, 3, 11, 769
What are the prime factors of 694623?
3, 23, 10067
What are the prime factors of 26727087?
3, 8909029
What are the prime factors of 521823?
3, 31, 181
What are the prime factors of 1104753?
3, 13, 2179
What are the prime factors of 1634137?
41, 39857
What are the prime factors of 1529719?
191, 8009
What are the prime factors of 8129500?
2, 5, 71, 229
What are the prime factors of 319739?
7, 45677
What are the prime factors of 5067842?
2, 13, 194917
List the prime factors of 26263171.
11, 23, 9437
What are the prime factors of 800979?
3, 266993
What are the prime factors of 191696?
2, 11981
List the prime factors of 27772678.
2, 607, 22877
What are the prime factors of 14169520?
2, 5, 37, 4787
List the prime factors of 16865920.
2, 5, 19, 73
What are the prime factors of 229628?
2, 7, 59, 139
List the prime factors of 580843.
580843
What are the prime factors of 113067?
3, 17, 739
What are the prime factors of 1044647?
607, 1721
List the prime factors of 1148160.
2, 3, 5, 13, 23
What are the prime factors of 19659988?
2, 4914997
List the prime factors of 2491383.
3, 23, 36107
List the prime factors of 344418.
2, 3, 137, 419
List the prime factors of 16700908.
2, 7, 596461
What are the prime factors of 4674?
2, 3, 19, 41
List the prime factors of 1695637.
41, 41357
List the prime factors of 5374725.
3, 5, 71663
List the prime factors of 1175596.
2, 293899
What are the prime factors of 8167167?
3, 31, 73, 401
List the prime factors of 1311140.
2, 5, 65557
List the prime factors of 16841851.
13, 101, 127
List the prime factors of 233618.
2, 7, 11, 37, 41
What are the prime factors of 13834782?
2, 3, 13, 59123
List the prime factors of 361616.
2, 97, 233
What are the prime factors of 2194373?
199, 11027
What are the prime factors of 1478701?
7, 61, 3463
List the prime factors of 12449954.
2, 11, 565907
List the prime factors of 325895.
5, 65179
List the prime factors of 1769122.
2, 17, 61, 853
What are the prime factors of 1613026?
2, 806513
List the prime factors of 598.
2, 13, 23
What are the prime factors of 179081?
7, 25583
What are the prime factors of 7562334?
2, 3, 13, 96953
List the prime factors of 235199.
235199
List the prime factors of 712130.
2, 5, 17, 59, 71
List the prime factors of 8509247.
8509247
What are the prime factors of 3946816?
2, 83, 743
List the prime factors of 6871117.
11, 613, 1019
List the prime factors of 1783100.
2, 5, 11, 1621
List the prime factors of 1723776.
2, 3, 67
What are the prime factors of 22827491?
22827491
List the prime factors of 64581.
3, 11, 19, 103
List the prime factors of 230356.
2, 7, 19, 433
List the prime factors of 6178803.
3, 17, 97, 1249
List the prime factors of 311515.
5, 62303
List the prime factors of 4406821.
4406821
List the prime factors of 394855.
5, 157, 503
List the prime factors of 224902.
2, 139, 809
List the prime factors of 242885.
5, 31, 1567
List the prime factors of 3410134.
2, 7, 13, 41, 457
What are the prime factors of 18216528?
2, 3, 11, 34501
What are the prime factors of 125974?
2, 62987
List the prime factors of 116896.
2, 13, 281
List the prime factors of 324900.
2, 3, 5, 19
List the prime factors of 6669042.
2, 3, 43, 25849
List the prime factors of 13264632.
2, 3, 184231
What are the prime factors of 15801312?
2, 3, 19, 8663
What are the prime factors of 2502742?
2, 11, 113761
List the prime factors of 157956.
2, 3, 13163
List the prime factors of 580856.
2, 17, 4271
What are the prime factors of 1003016?
2, 7, 17911
What are the prime factors of 10882099?
71, 153269
What are the prime factors of 5076977?
113, 179, 251
What are the prime factors of 1060765?
5, 353, 601
What are the prime factors of 33240879?
3, 7, 527633
List the prime factors of 166776.
2, 3, 6949
List the prime factors of 1142669.
11, 73, 1423
What are the prime factors of 99562?
2, 67, 743
What are the prime factors of 2276450?
2, 5, 11, 4139
List the prime factors of 8673591.
3, 41, 151, 467
What are the prime factors of 1636944?
2, 3, 67, 509
What are the prime factors of 10002322?
2, 11, 19, 23929
What are the prime factors of 415516?
2, 73, 1423
List the prime factors of 200465.
5, 40093
List the prime factors of 23417.
23417
List the prime factors of 8618271.
3, 2872757
What are the prime factors of 1838069?
1838069
List the prime factors of 307733.
307733
What are the prime factors of 1188250?
2, 5, 7, 97
What are the prime factors of 956929?
956929
List the prime factors of 622729.
622729
What are the prime factors of 827299?
11, 75209
List the prime factors of 214965.
3, 5, 17, 281
List the prime factors of 1250151.
3, 7, 59, 1009
List the prime factors of 197996.
2, 49499
List the prime factors of 206631.
3, 2551
List the prime factors of 3292050.
2, 3, 5, 17, 1291
What are the prime factors of 1066032?
2, 3, 11, 673
List the prime factors of 1400834.
2, 17, 41201
List the prime factors of 3649555.
5, 7, 13, 617
List the prime factors of 198085.
5, 173, 229
What are the prime factors of 11576187?
3, 7, 19, 509
List the prime factors of 250291.
17, 14723
List the prime factors of 345688.
2, 7, 6173
List the prime factors of 26152.
2, 7, 467
What are the prime factors of 56077?
7, 8011
List the prime factors of 981355.
5, 196271
What are the prime factors of 350057?
37, 9461
List the prime factors of 117105.
3, 5, 37, 211
What are the prime factors of 1139011?
1139011
List the prime factors of 2642792.
2, 23, 53, 271
What are the prime factors of 313463?
17, 18439
What are the prime factors of 1295539?
7, 185077
List the prime factors of 78314.
2, 39157
What are the prime factors of 579